{"id":485,"date":"2026-03-24T18:39:54","date_gmt":"2026-03-24T17:39:54","guid":{"rendered":"https:\/\/plumesdelles.org\/?page_id=485"},"modified":"2026-03-31T07:54:17","modified_gmt":"2026-03-31T05:54:17","slug":"pass-culture-2","status":"publish","type":"page","link":"https:\/\/plumesdelles.org\/?page_id=485","title":{"rendered":"Pass Culture"},"content":{"rendered":"\n<h2 class=\"wp-block-heading\">Nos projets pour vous dans le Pass Culture<\/h2>\n\n\n\n<p>Nous travaillons sur des projets de th\u00e9\u00e2tre et de lecture. Nous sommes \u00e0 l&rsquo;\u00e9coute de la parole de chacun, soucieux d&rsquo;interventions o\u00f9 chaque jeune trouve sa place, quel que soit son \u00ab\u00a0niveau\u00a0\u00bb, avec ou sans mots, avec ou sans mime, avec ou sans musique. Nous sommes avant tout soucieux de la mise en partage et du plaisir \u00e0 dire sous toutes les formes. Public cible : coll\u00e8ges et lyc\u00e9es, dont classes Ulis et Upe2A<\/p>\n\n\n\n<div class=\"wp-block-columns is-layout-flex wp-container-core-columns-is-layout-28f84493 wp-block-columns-is-layout-flex\">\n<div class=\"wp-block-column is-layout-flow wp-block-column-is-layout-flow\">\n<figure class=\"wp-block-image size-full\"><img loading=\"lazy\" decoding=\"async\" width=\"408\" height=\"612\" src=\"https:\/\/plumesdelles.org\/wp-content\/uploads\/2026\/03\/00001062921853375.jpg\" alt=\"\" class=\"wp-image-481\" srcset=\"https:\/\/plumesdelles.org\/wp-content\/uploads\/2026\/03\/00001062921853375.jpg 408w, https:\/\/plumesdelles.org\/wp-content\/uploads\/2026\/03\/00001062921853375-200x300.jpg 200w\" sizes=\"auto, (max-width: 408px) 100vw, 408px\" \/><\/figure>\n<\/div>\n\n\n\n<div class=\"wp-block-column is-layout-flow wp-block-column-is-layout-flow\">\n<p><strong><mark style=\"background-color:rgba(0, 0, 0, 0)\" class=\"has-inline-color has-custom-couleur-1-color\">LECTURE &#8211; Vos histoires une histoire<\/mark><\/strong><\/p>\n\n\n\n<p>Un artiste auteur vient dans l&rsquo;\u00e9tablissement et propose de r\u00e9colter les mots des jeunes, leurs paroles, leurs histoires, sur la base de textes litt\u00e9raires existants. Il s&rsquo;agit de rapprocher les histoires racont\u00e9es dans les livres de celles v\u00e9cues, de montrer que la litt\u00e9rature est un art qui peut parler \u00e0 chacun, qui peut toucher chacun. Les histoires confi\u00e9es par les jeunes sont ensuite recompos\u00e9es, mises en musiques et int\u00e9gr\u00e9es \u00e0 la lecture publique d&rsquo;un ou plusieurs extraits de roman lors d&rsquo;une s\u00e9ance finale. Ce projet peut \u00eatre adapt\u00e9 \u00e0 la demande des enseignants et notamment s&rsquo;int\u00e9grer au \u00ab\u00a01\/4 d&rsquo;heure lecture\u00a0\u00bb propos\u00e9 dans les \u00e9tablissements. Dur\u00e9e : de 4h \u00e0 20 h.<\/p>\n<\/div>\n<\/div>\n\n\n\n<hr class=\"wp-block-separator has-alpha-channel-opacity\"\/>\n\n\n\n<div class=\"wp-block-columns is-layout-flex wp-container-core-columns-is-layout-28f84493 wp-block-columns-is-layout-flex\">\n<div class=\"wp-block-column is-layout-flow wp-block-column-is-layout-flow\">\n<figure class=\"wp-block-image size-full\"><img loading=\"lazy\" decoding=\"async\" width=\"408\" height=\"612\" src=\"https:\/\/plumesdelles.org\/wp-content\/uploads\/2026\/03\/00001062919044786-1.jpg\" alt=\"\" class=\"wp-image-483\" srcset=\"https:\/\/plumesdelles.org\/wp-content\/uploads\/2026\/03\/00001062919044786-1.jpg 408w, https:\/\/plumesdelles.org\/wp-content\/uploads\/2026\/03\/00001062919044786-1-200x300.jpg 200w\" sizes=\"auto, (max-width: 408px) 100vw, 408px\" \/><\/figure>\n<\/div>\n\n\n\n<div class=\"wp-block-column is-layout-flow wp-block-column-is-layout-flow\">\n<p><strong><mark style=\"background-color:rgba(0, 0, 0, 0)\" class=\"has-inline-color has-custom-couleur-1-color\">TH\u00c9\u00c2TRE &#8211; Du texte \u00e0 la sc\u00e8ne<\/mark><\/strong><\/p>\n\n\n\n<p>Trois \u00e9tapes : \u00e9criture \/ jeu \/ repr\u00e9sentation. \u00c9tape 1 : A partir d&rsquo;un th\u00e8me choisi avec les jeunes et l&rsquo;enseignant, s\u00e9ances de libre parole et d&rsquo;improvisation menant \u00e0 l&rsquo;\u00e9criture d&rsquo;une pi\u00e8ce adapt\u00e9e au groupe. \u00c9tape 2 : mise en situation et jeux de sc\u00e8ne afin que chacun s&#8217;empare du texte selon ses envies. Int\u00e9gration de mimes, chants, musiques&#8230; \u00c9tape 3 : repr\u00e9sentation, de pr\u00e9f\u00e9rence dans un lieu de spectacle selon les possibilit\u00e9s, en pr\u00e9sence d&rsquo;un musicien accompagnant le projet. Dur\u00e9e : 40h.<\/p>\n<\/div>\n<\/div>\n","protected":false},"excerpt":{"rendered":"<p>Nos projets pour vous dans le Pass Culture Nous travaillons sur des projets de th\u00e9\u00e2tre et de lecture. Nous sommes \u00e0 l&rsquo;\u00e9coute de la parole de chacun, soucieux d&rsquo;interventions o\u00f9 chaque jeune trouve sa place, quel que soit son \u00ab\u00a0niveau\u00a0\u00bb, avec ou sans mots, avec ou sans mime, avec ou sans musique. Nous sommes avant [&hellip;]<\/p>\n","protected":false},"author":1,"featured_media":0,"parent":0,"menu_order":0,"comment_status":"closed","ping_status":"closed","template":"","meta":{"footnotes":""},"class_list":["post-485","page","type-page","status-publish","hentry"],"_links":{"self":[{"href":"https:\/\/plumesdelles.org\/index.php?rest_route=\/wp\/v2\/pages\/485","targetHints":{"allow":["GET"]}}],"collection":[{"href":"https:\/\/plumesdelles.org\/index.php?rest_route=\/wp\/v2\/pages"}],"about":[{"href":"https:\/\/plumesdelles.org\/index.php?rest_route=\/wp\/v2\/types\/page"}],"author":[{"embeddable":true,"href":"https:\/\/plumesdelles.org\/index.php?rest_route=\/wp\/v2\/users\/1"}],"replies":[{"embeddable":true,"href":"https:\/\/plumesdelles.org\/index.php?rest_route=%2Fwp%2Fv2%2Fcomments&post=485"}],"version-history":[{"count":2,"href":"https:\/\/plumesdelles.org\/index.php?rest_route=\/wp\/v2\/pages\/485\/revisions"}],"predecessor-version":[{"id":508,"href":"https:\/\/plumesdelles.org\/index.php?rest_route=\/wp\/v2\/pages\/485\/revisions\/508"}],"wp:attachment":[{"href":"https:\/\/plumesdelles.org\/index.php?rest_route=%2Fwp%2Fv2%2Fmedia&parent=485"}],"curies":[{"name":"wp","href":"https:\/\/api.w.org\/{rel}","templated":true}]}}