{"id":299,"date":"2024-05-14T18:35:53","date_gmt":"2024-05-14T16:35:53","guid":{"rendered":"https:\/\/plumesdelles.org\/?page_id=299"},"modified":"2025-09-02T17:00:45","modified_gmt":"2025-09-02T15:00:45","slug":"petite-sagesse","status":"publish","type":"page","link":"https:\/\/plumesdelles.org\/?page_id=299","title":{"rendered":"Petite Sagesse"},"content":{"rendered":"\n<p class=\"has-medium-font-size\"><strong>T\u00e9moignage d\u2019un exil<\/strong><\/p>\n\n\n\n<figure class=\"wp-block-image size-large\"><img loading=\"lazy\" decoding=\"async\" width=\"1024\" height=\"683\" src=\"http:\/\/plumesdelles.org\/wp-content\/uploads\/2024\/04\/IMG_3339-1024x683.jpg\" alt=\"\" class=\"wp-image-23\" srcset=\"https:\/\/plumesdelles.org\/wp-content\/uploads\/2024\/04\/IMG_3339-1024x683.jpg 1024w, https:\/\/plumesdelles.org\/wp-content\/uploads\/2024\/04\/IMG_3339-300x200.jpg 300w, https:\/\/plumesdelles.org\/wp-content\/uploads\/2024\/04\/IMG_3339-768x512.jpg 768w, https:\/\/plumesdelles.org\/wp-content\/uploads\/2024\/04\/IMG_3339-1536x1024.jpg 1536w, https:\/\/plumesdelles.org\/wp-content\/uploads\/2024\/04\/IMG_3339-2048x1365.jpg 2048w\" sizes=\"auto, (max-width: 1024px) 100vw, 1024px\" \/><\/figure>\n\n\n\n<p><strong>Conte musical<br><\/strong><em>Petite Sagesse<\/em> raconte l\u2019histoire vraie d\u2019une enfant venue d\u2019Afrique, Sira, qui a choisi de quitter son pays et sa famille pour ne pas \u00eatre mari\u00e9e de force et pour continuer d\u2019aller \u00e0 l\u2019\u00e9cole.<br>On y croise la joie de la vie en Afrique, la musique, les odeurs, les couleurs. Et la douleur de l\u2019abandon, du travail impos\u00e9, de la perte de l\u2019innocence forc\u00e9e.<br>Sira traverse l\u2019enfance, les d\u00e9serts, la M\u00e9diterran\u00e9e. On la suit dans cette travers\u00e9e cont\u00e9e, musicale, chant\u00e9e, dans ce voyage initiatique vers son destin de femme libre \u00ab au-del\u00e0 des mers, des sables, des montagnes\u2026 \u00bb<\/p>\n\n\n\n<p><strong>Remerciements <\/strong>\u00e0 Nathalie Rodriguez, V\u00e9ronique Azam, Camille Galibert, Rija Ratamara, Didier Debord et Victor Sarafian<\/p>\n\n\n\n<div class=\"wp-block-group is-nowrap is-layout-flex wp-container-core-group-is-layout-6c531013 wp-block-group-is-layout-flex\">\n<p class=\"has-base-font-size\"><strong><mark style=\"background-color:rgba(0, 0, 0, 0);color:#f78b07\" class=\"has-inline-color\">Textes<\/mark><\/strong><br>St\u00e9phanie Fontez et Sylvie R. Soumah<br><strong><mark style=\"background-color:rgba(0, 0, 0, 0);color:#faa302\" class=\"has-inline-color\">Cr\u00e9ation \u2013 Mise en sc\u00e8ne<\/mark><br><\/strong>Cie Plumes d\u2019Elles, St\u00e9phanie Fontez<br><strong>Dur\u00e9e <\/strong>: 1h<br><strong>Tous publics<\/strong><\/p>\n\n\n\n<hr class=\"wp-block-separator has-text-color has-background-color has-alpha-channel-opacity has-background-background-color has-background\"\/>\n\n\n\n<p><strong>Avec<\/strong><br><strong><mark style=\"background-color:rgba(0, 0, 0, 0);color:#f98102\" class=\"has-inline-color\">R\u00e9cit, chant<\/mark><\/strong> \u2013 Magali Berlana<br><strong><mark style=\"background-color:rgba(0, 0, 0, 0);color:#f1990d\" class=\"has-inline-color\">Guitare<\/mark><\/strong> \u2013 St\u00e9phane Barascud<br><strong><mark style=\"background-color:rgba(0, 0, 0, 0);color:#f79b08\" class=\"has-inline-color\">Clarinette, harmonica, chant<\/mark><\/strong> \u2013 Brian Steer<br><strong><mark style=\"background-color:rgba(0, 0, 0, 0);color:#f38706\" class=\"has-inline-color\">R\u00e9gie<\/mark> <\/strong>\u2013 S\u00e9tha Horn<br><strong><mark style=\"background-color:rgba(0, 0, 0, 0);color:#f6a905\" class=\"has-inline-color\">Cr\u00e9ations costumes<\/mark><\/strong> \u2013 Zu &amp; Zea<br><strong><mark style=\"background-color:rgba(0, 0, 0, 0);color:#f7a902\" class=\"has-inline-color\">Accessoires<\/mark> <\/strong>\u2013 Louis Villagrassa<br><strong><mark style=\"background-color:rgba(0, 0, 0, 0);color:#ed9a01\" class=\"has-inline-color\">Illustrations<\/mark> <\/strong>de Fabienne Havard<\/p>\n<\/div>\n\n\n\n<p><strong>Avec le soutien de<\/strong> : la Fondation SNCF, la Mairie de Toulouse, les 7 Anim\u00e9s, Madame Lemorton d\u00e9put\u00e9e de Haute-Garonne, le CD31, le Collectif Job.<\/p>\n\n\n\n<div class=\"wp-block-group is-nowrap is-layout-flex wp-container-core-group-is-layout-6c531013 wp-block-group-is-layout-flex\">\n<figure class=\"wp-block-image size-full is-resized\"><img loading=\"lazy\" decoding=\"async\" width=\"502\" height=\"706\" src=\"http:\/\/plumesdelles.org\/wp-content\/uploads\/2024\/05\/couverture-Petite-Sagesse.jpg\" alt=\"\" class=\"wp-image-56\" style=\"width:177px;height:auto\" srcset=\"https:\/\/plumesdelles.org\/wp-content\/uploads\/2024\/05\/couverture-Petite-Sagesse.jpg 502w, https:\/\/plumesdelles.org\/wp-content\/uploads\/2024\/05\/couverture-Petite-Sagesse-213x300.jpg 213w\" sizes=\"auto, (max-width: 502px) 100vw, 502px\" \/><\/figure>\n\n\n\n<p><a href=\"https:\/\/plumesdelles.org\/?page_id=280\">Le livre <\/a>avec CD audio est en vente sur notre site<\/p>\n<\/div>\n\n\n\n<hr class=\"wp-block-separator has-alpha-channel-opacity\"\/>\n\n\n\n<p>D\u00e9couvrez un <strong><mark style=\"background-color:rgba(0, 0, 0, 0)\" class=\"has-inline-color has-custom-couleur-1-color\">extrait du livre audio ici<\/mark><\/strong> :<\/p>\n\n\n\n<figure class=\"wp-block-audio\"><audio controls src=\"http:\/\/plumesdelles.org\/wp-content\/uploads\/2025\/09\/petitesagesseextrait4mdif.mp3\"><\/audio><\/figure>\n\n\n\n<hr class=\"wp-block-separator has-alpha-channel-opacity\"\/>\n\n\n\n<div class=\"wp-block-columns is-layout-flex wp-container-core-columns-is-layout-28f84493 wp-block-columns-is-layout-flex\">\n<div class=\"wp-block-column is-layout-flow wp-block-column-is-layout-flow\">\n<figure class=\"wp-block-image size-large is-resized\"><img loading=\"lazy\" decoding=\"async\" width=\"1024\" height=\"683\" src=\"http:\/\/plumesdelles.org\/wp-content\/uploads\/2024\/04\/IMG_2612-1024x683.jpg\" alt=\"\" class=\"wp-image-21\" style=\"width:323px;height:auto\" srcset=\"https:\/\/plumesdelles.org\/wp-content\/uploads\/2024\/04\/IMG_2612-1024x683.jpg 1024w, https:\/\/plumesdelles.org\/wp-content\/uploads\/2024\/04\/IMG_2612-300x200.jpg 300w, https:\/\/plumesdelles.org\/wp-content\/uploads\/2024\/04\/IMG_2612-768x512.jpg 768w, https:\/\/plumesdelles.org\/wp-content\/uploads\/2024\/04\/IMG_2612-1536x1024.jpg 1536w, https:\/\/plumesdelles.org\/wp-content\/uploads\/2024\/04\/IMG_2612-2048x1365.jpg 2048w\" sizes=\"auto, (max-width: 1024px) 100vw, 1024px\" \/><\/figure>\n<\/div>\n\n\n\n<div class=\"wp-block-column is-layout-flow wp-block-column-is-layout-flow\">\n<figure class=\"wp-block-image size-large is-resized\"><img loading=\"lazy\" decoding=\"async\" width=\"1024\" height=\"683\" src=\"http:\/\/plumesdelles.org\/wp-content\/uploads\/2024\/04\/IMG_3263-1024x683.jpg\" alt=\"\" class=\"wp-image-22\" style=\"width:322px;height:auto\" srcset=\"https:\/\/plumesdelles.org\/wp-content\/uploads\/2024\/04\/IMG_3263-1024x683.jpg 1024w, https:\/\/plumesdelles.org\/wp-content\/uploads\/2024\/04\/IMG_3263-300x200.jpg 300w, https:\/\/plumesdelles.org\/wp-content\/uploads\/2024\/04\/IMG_3263-768x512.jpg 768w, https:\/\/plumesdelles.org\/wp-content\/uploads\/2024\/04\/IMG_3263-1536x1024.jpg 1536w, https:\/\/plumesdelles.org\/wp-content\/uploads\/2024\/04\/IMG_3263-2048x1365.jpg 2048w\" sizes=\"auto, (max-width: 1024px) 100vw, 1024px\" \/><\/figure>\n<\/div>\n<\/div>\n\n\n\n<hr class=\"wp-block-separator has-alpha-channel-opacity\"\/>\n\n\n\n<div class=\"wp-block-columns is-layout-flex wp-container-core-columns-is-layout-28f84493 wp-block-columns-is-layout-flex\">\n<div class=\"wp-block-column is-layout-flow wp-block-column-is-layout-flow\"><\/div>\n\n\n\n<div class=\"wp-block-column is-layout-flow wp-block-column-is-layout-flow\"><\/div>\n\n\n\n<div class=\"wp-block-column is-layout-flow wp-block-column-is-layout-flow\"><\/div>\n<\/div>\n\n\n\n<div class=\"wp-block-group is-nowrap is-layout-flex wp-container-core-group-is-layout-6c531013 wp-block-group-is-layout-flex\">\n<figure class=\"wp-block-image size-large is-resized\"><img loading=\"lazy\" decoding=\"async\" width=\"1024\" height=\"169\" src=\"http:\/\/plumesdelles.org\/wp-content\/uploads\/2024\/05\/SNC_FondSNCF-1024x169.jpg\" alt=\"\" class=\"wp-image-51\" style=\"width:128px;height:auto\" srcset=\"https:\/\/plumesdelles.org\/wp-content\/uploads\/2024\/05\/SNC_FondSNCF-1024x169.jpg 1024w, https:\/\/plumesdelles.org\/wp-content\/uploads\/2024\/05\/SNC_FondSNCF-300x50.jpg 300w, https:\/\/plumesdelles.org\/wp-content\/uploads\/2024\/05\/SNC_FondSNCF-768x127.jpg 768w, https:\/\/plumesdelles.org\/wp-content\/uploads\/2024\/05\/SNC_FondSNCF-1536x254.jpg 1536w, https:\/\/plumesdelles.org\/wp-content\/uploads\/2024\/05\/SNC_FondSNCF-2048x339.jpg 2048w\" sizes=\"auto, (max-width: 1024px) 100vw, 1024px\" \/><\/figure>\n\n\n\n<figure class=\"wp-block-image size-full is-resized\"><img loading=\"lazy\" decoding=\"async\" width=\"283\" height=\"283\" src=\"http:\/\/plumesdelles.org\/wp-content\/uploads\/2024\/05\/logo-7-A-copie.png\" alt=\"\" class=\"wp-image-44\" style=\"width:86px;height:auto\" srcset=\"https:\/\/plumesdelles.org\/wp-content\/uploads\/2024\/05\/logo-7-A-copie.png 283w, https:\/\/plumesdelles.org\/wp-content\/uploads\/2024\/05\/logo-7-A-copie-150x150.png 150w\" sizes=\"auto, (max-width: 283px) 100vw, 283px\" \/><\/figure>\n\n\n\n<figure class=\"wp-block-image size-full is-resized\"><img loading=\"lazy\" decoding=\"async\" width=\"150\" height=\"150\" src=\"http:\/\/plumesdelles.org\/wp-content\/uploads\/2024\/05\/logo_mairie.png\" alt=\"\" class=\"wp-image-47\" style=\"width:81px;height:auto\"\/><\/figure>\n\n\n\n<figure class=\"wp-block-image size-large is-resized\"><img loading=\"lazy\" decoding=\"async\" width=\"592\" height=\"1024\" src=\"http:\/\/plumesdelles.org\/wp-content\/uploads\/2024\/05\/20150418094348Logo_CD31_haute_garonne-592x1024.png\" alt=\"\" class=\"wp-image-30\" style=\"width:47px;height:auto\" srcset=\"https:\/\/plumesdelles.org\/wp-content\/uploads\/2024\/05\/20150418094348Logo_CD31_haute_garonne-592x1024.png 592w, https:\/\/plumesdelles.org\/wp-content\/uploads\/2024\/05\/20150418094348Logo_CD31_haute_garonne-173x300.png 173w, https:\/\/plumesdelles.org\/wp-content\/uploads\/2024\/05\/20150418094348Logo_CD31_haute_garonne.png 688w\" sizes=\"auto, (max-width: 592px) 100vw, 592px\" \/><\/figure>\n\n\n\n<figure class=\"wp-block-image size-full is-resized\"><img loading=\"lazy\" decoding=\"async\" width=\"300\" height=\"300\" src=\"http:\/\/plumesdelles.org\/wp-content\/uploads\/2024\/05\/LOGO-COLLECTIF-JOB-copie.jpg\" alt=\"\" class=\"wp-image-53\" style=\"width:85px;height:auto\" srcset=\"https:\/\/plumesdelles.org\/wp-content\/uploads\/2024\/05\/LOGO-COLLECTIF-JOB-copie.jpg 300w, https:\/\/plumesdelles.org\/wp-content\/uploads\/2024\/05\/LOGO-COLLECTIF-JOB-copie-150x150.jpg 150w\" sizes=\"auto, (max-width: 300px) 100vw, 300px\" \/><\/figure>\n<\/div>\n","protected":false},"excerpt":{"rendered":"<p>T\u00e9moignage d\u2019un exil Conte musicalPetite Sagesse raconte l\u2019histoire vraie d\u2019une enfant venue d\u2019Afrique, Sira, qui a choisi de quitter son pays et sa famille pour ne pas \u00eatre mari\u00e9e de force et pour continuer d\u2019aller \u00e0 l\u2019\u00e9cole.On y croise la joie de la vie en Afrique, la musique, les odeurs, les couleurs. Et la douleur [&hellip;]<\/p>\n","protected":false},"author":1,"featured_media":0,"parent":0,"menu_order":0,"comment_status":"closed","ping_status":"closed","template":"","meta":{"footnotes":""},"class_list":["post-299","page","type-page","status-publish","hentry"],"_links":{"self":[{"href":"https:\/\/plumesdelles.org\/index.php?rest_route=\/wp\/v2\/pages\/299","targetHints":{"allow":["GET"]}}],"collection":[{"href":"https:\/\/plumesdelles.org\/index.php?rest_route=\/wp\/v2\/pages"}],"about":[{"href":"https:\/\/plumesdelles.org\/index.php?rest_route=\/wp\/v2\/types\/page"}],"author":[{"embeddable":true,"href":"https:\/\/plumesdelles.org\/index.php?rest_route=\/wp\/v2\/users\/1"}],"replies":[{"embeddable":true,"href":"https:\/\/plumesdelles.org\/index.php?rest_route=%2Fwp%2Fv2%2Fcomments&post=299"}],"version-history":[{"count":15,"href":"https:\/\/plumesdelles.org\/index.php?rest_route=\/wp\/v2\/pages\/299\/revisions"}],"predecessor-version":[{"id":459,"href":"https:\/\/plumesdelles.org\/index.php?rest_route=\/wp\/v2\/pages\/299\/revisions\/459"}],"wp:attachment":[{"href":"https:\/\/plumesdelles.org\/index.php?rest_route=%2Fwp%2Fv2%2Fmedia&parent=299"}],"curies":[{"name":"wp","href":"https:\/\/api.w.org\/{rel}","templated":true}]}}