{"id":118,"date":"2024-05-05T16:10:24","date_gmt":"2024-05-05T14:10:24","guid":{"rendered":"https:\/\/plumesdelles.org\/?page_id=118"},"modified":"2024-05-15T14:40:39","modified_gmt":"2024-05-15T12:40:39","slug":"heptaplex-coquillages-a-lecture","status":"publish","type":"page","link":"https:\/\/plumesdelles.org\/?page_id=118","title":{"rendered":"Heptaplex\/Coquillage \u00e0 lecture"},"content":{"rendered":"\n<h1 class=\"wp-block-heading has-text-align-center\">la lecture comme une exp\u00e9rience sensorielle<\/h1>\n\n\n\n<p class=\"has-text-align-center\">\u00ab Le po\u00e8me est le coquillage o\u00f9 r\u00e9sonne la musique du monde \u00bb O. Paz<\/p>\n\n\n\n<p class=\"has-text-align-center\"><\/p>\n\n\n\n<p class=\"has-text-align-center has-medium-large-font-size\">Entrez dans <strong>HEPTAPLEX<\/strong>, sous les \u00e9toiles<\/p>\n\n\n\n<figure class=\"wp-block-image aligncenter size-large\"><img loading=\"lazy\" decoding=\"async\" width=\"1024\" height=\"768\" src=\"http:\/\/plumesdelles.org\/wp-content\/uploads\/2024\/04\/DSCN5661-1024x768.jpg\" alt=\"\" class=\"wp-image-14\" srcset=\"https:\/\/plumesdelles.org\/wp-content\/uploads\/2024\/04\/DSCN5661-1024x768.jpg 1024w, https:\/\/plumesdelles.org\/wp-content\/uploads\/2024\/04\/DSCN5661-300x225.jpg 300w, https:\/\/plumesdelles.org\/wp-content\/uploads\/2024\/04\/DSCN5661-768x576.jpg 768w, https:\/\/plumesdelles.org\/wp-content\/uploads\/2024\/04\/DSCN5661-1536x1152.jpg 1536w, https:\/\/plumesdelles.org\/wp-content\/uploads\/2024\/04\/DSCN5661-2048x1536.jpg 2048w\" sizes=\"auto, (max-width: 1024px) 100vw, 1024px\" \/><\/figure>\n\n\n\n<div class=\"wp-block-group is-nowrap is-layout-flex wp-container-core-group-is-layout-6c531013 wp-block-group-is-layout-flex\">\n<p class=\"wp-container-content-9cfa9a5a\">Une bo\u00eete noire \u00e0 mots, \u00e0 sons, \u00e0 sensations, pour un temps suspendu. Entrez dans le Coquillage \u00e0 Lectures et d\u00e9couvrez la lecture sous une lumi\u00e8re \u00e9toil\u00e9e. Les sons et les mots se confondent dans une caverne \u00e0 la fois sous-marine et c\u00e9leste o\u00f9 chacun re\u00e7oit la lecture \u00e0 sa fa\u00e7on, comme une mati\u00e8re \u00e0 explorer, un territoire inconnu.<br>Le sens des textes jaillit de leur r\u00e9sonance, de l\u2019\u00e9cho, de la r\u00e9p\u00e9tition, de la respiration, des plages de musiques\u2026 un espace unique pour des lectures musicales et sensorielles in\u00e9dites !<br><strong>Exp\u00e9riences de lectures de 20 \u00e0 25 minutes pour 7 personnes.<\/strong><br><mark style=\"background-color:rgba(0, 0, 0, 0);color:#673bd1\" class=\"has-inline-color\">Travers\u00e9e de textes po\u00e9tiques pour les adultes <\/mark>: Adonis, Paz, Cantat, B\u00e9nameur,<br>Hislen, Dion, Calaferte, Juliet, Baglin, Sj\u00f6strand, Tot\u2026 et tout texte \u00e0 d\u00e9couvrir.<br><mark style=\"background-color:rgba(0, 0, 0, 0);color:#7226be\" class=\"has-inline-color\">Contes sensoriels et po\u00e9sie pour les enfants.<\/mark><\/p>\n<\/div>\n\n\n\n<p><strong><mark style=\"background-color:rgba(0, 0, 0, 0);color:#e91212\" class=\"has-inline-color\">Cr\u00e9ation<\/mark> Cie Plumes d\u2019Elles, <mark style=\"background-color:rgba(0, 0, 0, 0);color:#f00a0a\" class=\"has-inline-color\">avec le soutien de<\/mark> la Mairie de Toulouse, de Loisirs Art et<br>Culture\/CE d\u2019Airbus et de la M\u00e9diath\u00e8que d\u2019Airbus, du Conseil d\u00e9partemental de Haute-Garonne, de la Fondation Cr\u00e9dit Mutuel P\u00f4le Lecture, du Marathon des Mots, de Toulouse M\u00e9tropole.<\/strong><\/p>\n\n\n\n<p style=\"margin-top:0;margin-right:0;margin-bottom:0;margin-left:0\"><strong><mark style=\"background-color:rgba(0, 0, 0, 0);color:#e71010\" class=\"has-inline-color\">Conception<\/mark> \u2013 Cie Plumes d\u2019Elles \/ Vladimir Katelbach Architecte<\/strong> <\/p>\n\n\n\n<p style=\"margin-top:0;margin-right:0;margin-bottom:0;margin-left:0\"><strong><mark style=\"background-color:rgba(0, 0, 0, 0);color:#f00f0f\" class=\"has-inline-color\">R\u00e9alisation <\/mark>\u2013 Louis Villagrassa<\/strong><\/p>\n\n\n\n<p style=\"margin-top:0;margin-right:0;margin-bottom:0;margin-left:0\"><strong><mark style=\"background-color:rgba(0, 0, 0, 0);color:#ec1313\" class=\"has-inline-color\">Am\u00e9nagements bois <\/mark>: Alain S\u00e9ceille<\/strong><\/p>\n\n\n\n<p style=\"margin-top:0;margin-right:0;margin-bottom:0;margin-left:0\"><strong><mark style=\"background-color:rgba(0, 0, 0, 0);color:#eb0e0e\" class=\"has-inline-color\">Habillage tissus<\/mark> : Zu&amp;Zea<\/strong><\/p>\n\n\n\n<p style=\"margin-top:0;margin-right:0;margin-bottom:0;margin-left:0\"><strong><mark style=\"background-color:rgba(0, 0, 0, 0);color:#f00808\" class=\"has-inline-color\">Cr\u00e9ation lumi\u00e8res et r\u00e9gie g\u00e9n\u00e9rale<\/mark> : Malik Pavaux et S\u00e9tavuth Horn<\/strong><\/p>\n\n\n\n<p style=\"margin-top:0;margin-right:0;margin-bottom:0;margin-left:0\"><mark style=\"background-color:rgba(0, 0, 0, 0);color:#ec0707\" class=\"has-inline-color\"><strong>Cr\u00e9ation num\u00e9rique<\/strong><\/mark> : <strong>C\u00e9dric Mialaret \/ Le diligeant<\/strong><\/p>\n\n\n\n<p style=\"margin-top:0;margin-right:0;margin-bottom:0;margin-left:0\"><strong><mark style=\"background-color:rgba(0, 0, 0, 0);color:#ec0a0a\" class=\"has-inline-color\">Lectures vivantes et cr\u00e9ation sonore<\/mark> : St\u00e9phane Barascud et St\u00e9phanie Fontez<\/strong><\/p>\n\n\n\n<div class=\"wp-block-columns is-layout-flex wp-container-core-columns-is-layout-28f84493 wp-block-columns-is-layout-flex\">\n<div class=\"wp-block-column is-vertically-aligned-center is-layout-flow wp-block-column-is-layout-flow\">\n<div class=\"wp-block-group is-vertical is-layout-flex wp-container-core-group-is-layout-fe9cc265 wp-block-group-is-layout-flex\">\n<div class=\"wp-block-buttons is-content-justification-center is-layout-flex wp-container-core-buttons-is-layout-a89b3969 wp-block-buttons-is-layout-flex\">\n<div class=\"wp-block-button\"><a class=\"wp-block-button__link wp-element-button\" href=\"http:\/\/plumesdelles.org\/wp-content\/uploads\/2024\/05\/HeptaplexLe-Coquillage-a-Lectures.pdf\" target=\"_blank\" rel=\"noreferrer noopener\">Le dossier<\/a><\/div>\n<\/div>\n\n\n\n<div class=\"wp-block-buttons is-layout-flex wp-block-buttons-is-layout-flex\">\n<div class=\"wp-block-button\"><a class=\"wp-block-button__link wp-element-button\" href=\"http:\/\/plumesdelles.org\/wp-content\/uploads\/2024\/05\/LIVRE-DOR1.pdf\" target=\"_blank\" rel=\"noreferrer noopener\">Le livre d&rsquo;or<\/a><\/div>\n<\/div>\n<\/div>\n<\/div>\n\n\n\n<div class=\"wp-block-column is-layout-flow wp-block-column-is-layout-flow\">\n<div class=\"wp-block-buttons is-content-justification-center is-layout-flex wp-container-core-buttons-is-layout-a89b3969 wp-block-buttons-is-layout-flex\"><\/div>\n\n\n\n<figure class=\"wp-block-embed is-type-video is-provider-youtube wp-block-embed-youtube wp-embed-aspect-16-9 wp-has-aspect-ratio\"><div class=\"wp-block-embed__wrapper\">\n<iframe loading=\"lazy\" title=\"Coquillage \u00e0 lectures\" width=\"1170\" height=\"658\" src=\"https:\/\/www.youtube.com\/embed\/D80CNwg-4KI?start=4&#038;feature=oembed\" frameborder=\"0\" allow=\"accelerometer; autoplay; clipboard-write; encrypted-media; gyroscope; picture-in-picture; web-share\" referrerpolicy=\"strict-origin-when-cross-origin\" allowfullscreen><\/iframe>\n<\/div><\/figure>\n<\/div>\n<\/div>\n\n\n\n<div class=\"wp-block-group is-layout-constrained wp-block-group-is-layout-constrained\">\n<div class=\"wp-block-columns is-layout-flex wp-container-core-columns-is-layout-28f84493 wp-block-columns-is-layout-flex\">\n<div class=\"wp-block-column is-layout-flow wp-block-column-is-layout-flow\" style=\"flex-basis:100%\">\n<div class=\"wp-block-group is-nowrap is-layout-flex wp-container-core-group-is-layout-6c531013 wp-block-group-is-layout-flex\">\n<figure class=\"wp-block-image size-full is-resized\"><img loading=\"lazy\" decoding=\"async\" width=\"528\" height=\"826\" src=\"http:\/\/plumesdelles.org\/wp-content\/uploads\/2024\/05\/FCM-Lecture-Logo-Q-PourAffiche.jpg\" alt=\"\" class=\"wp-image-42\" style=\"width:91px;height:auto\" srcset=\"https:\/\/plumesdelles.org\/wp-content\/uploads\/2024\/05\/FCM-Lecture-Logo-Q-PourAffiche.jpg 528w, https:\/\/plumesdelles.org\/wp-content\/uploads\/2024\/05\/FCM-Lecture-Logo-Q-PourAffiche-192x300.jpg 192w\" sizes=\"auto, (max-width: 528px) 100vw, 528px\" \/><\/figure>\n\n\n\n<div class=\"wp-block-group is-nowrap is-layout-flex wp-container-core-group-is-layout-6c531013 wp-block-group-is-layout-flex\">\n<figure class=\"wp-block-image size-full is-resized\"><img loading=\"lazy\" decoding=\"async\" width=\"276\" height=\"390\" src=\"http:\/\/plumesdelles.org\/wp-content\/uploads\/2024\/05\/Marathon.jpg\" alt=\"\" class=\"wp-image-49\" style=\"width:88px;height:auto\" srcset=\"https:\/\/plumesdelles.org\/wp-content\/uploads\/2024\/05\/Marathon.jpg 276w, https:\/\/plumesdelles.org\/wp-content\/uploads\/2024\/05\/Marathon-212x300.jpg 212w\" sizes=\"auto, (max-width: 276px) 100vw, 276px\" \/><\/figure>\n<\/div>\n\n\n\n<figure class=\"wp-block-image size-full is-resized\"><img loading=\"lazy\" decoding=\"async\" width=\"300\" height=\"300\" src=\"http:\/\/plumesdelles.org\/wp-content\/uploads\/2024\/05\/LOGO-TM.png\" alt=\"\" class=\"wp-image-55\" style=\"width:100px;height:auto\" srcset=\"https:\/\/plumesdelles.org\/wp-content\/uploads\/2024\/05\/LOGO-TM.png 300w, https:\/\/plumesdelles.org\/wp-content\/uploads\/2024\/05\/LOGO-TM-150x150.png 150w\" sizes=\"auto, (max-width: 300px) 100vw, 300px\" \/><\/figure>\n\n\n\n<figure class=\"wp-block-image size-full is-resized\"><img loading=\"lazy\" decoding=\"async\" width=\"150\" height=\"150\" src=\"http:\/\/plumesdelles.org\/wp-content\/uploads\/2024\/05\/logo_mairie.png\" alt=\"\" class=\"wp-image-47\" style=\"width:117px;height:auto\"\/><\/figure>\n\n\n\n<figure class=\"wp-block-image size-large is-resized\"><img loading=\"lazy\" decoding=\"async\" width=\"592\" height=\"1024\" src=\"http:\/\/plumesdelles.org\/wp-content\/uploads\/2024\/05\/20150418094348Logo_CD31_haute_garonne-592x1024.png\" alt=\"\" class=\"wp-image-30\" style=\"width:76px;height:auto\" srcset=\"https:\/\/plumesdelles.org\/wp-content\/uploads\/2024\/05\/20150418094348Logo_CD31_haute_garonne-592x1024.png 592w, https:\/\/plumesdelles.org\/wp-content\/uploads\/2024\/05\/20150418094348Logo_CD31_haute_garonne-173x300.png 173w, https:\/\/plumesdelles.org\/wp-content\/uploads\/2024\/05\/20150418094348Logo_CD31_haute_garonne.png 688w\" sizes=\"auto, (max-width: 592px) 100vw, 592px\" \/><\/figure>\n\n\n\n<figure class=\"wp-block-image size-full is-resized\"><img loading=\"lazy\" decoding=\"async\" width=\"1142\" height=\"901\" src=\"http:\/\/plumesdelles.org\/wp-content\/uploads\/2024\/05\/cse-airbus-operations.png\" alt=\"\" class=\"wp-image-39\" style=\"width:143px;height:auto\" srcset=\"https:\/\/plumesdelles.org\/wp-content\/uploads\/2024\/05\/cse-airbus-operations.png 1142w, https:\/\/plumesdelles.org\/wp-content\/uploads\/2024\/05\/cse-airbus-operations-300x237.png 300w, https:\/\/plumesdelles.org\/wp-content\/uploads\/2024\/05\/cse-airbus-operations-1024x808.png 1024w, https:\/\/plumesdelles.org\/wp-content\/uploads\/2024\/05\/cse-airbus-operations-768x606.png 768w\" sizes=\"auto, (max-width: 1142px) 100vw, 1142px\" \/><\/figure>\n<\/div>\n<\/div>\n<\/div>\n<\/div>\n\n\n\n<figure class=\"wp-block-image size-full is-resized\"><img loading=\"lazy\" decoding=\"async\" width=\"365\" height=\"138\" src=\"http:\/\/plumesdelles.org\/wp-content\/uploads\/2024\/05\/images.png\" alt=\"\" class=\"wp-image-170\" style=\"width:139px;height:auto\" srcset=\"https:\/\/plumesdelles.org\/wp-content\/uploads\/2024\/05\/images.png 365w, https:\/\/plumesdelles.org\/wp-content\/uploads\/2024\/05\/images-300x113.png 300w\" sizes=\"auto, (max-width: 365px) 100vw, 365px\" \/><\/figure>\n","protected":false},"excerpt":{"rendered":"<p>la lecture comme une exp\u00e9rience sensorielle \u00ab Le po\u00e8me est le coquillage o\u00f9 r\u00e9sonne la musique du monde \u00bb O. Paz Entrez dans HEPTAPLEX, sous les \u00e9toiles Une bo\u00eete noire \u00e0 mots, \u00e0 sons, \u00e0 sensations, pour un temps suspendu. Entrez dans le Coquillage \u00e0 Lectures et d\u00e9couvrez la lecture sous une lumi\u00e8re \u00e9toil\u00e9e. Les [&hellip;]<\/p>\n","protected":false},"author":1,"featured_media":0,"parent":0,"menu_order":0,"comment_status":"closed","ping_status":"closed","template":"","meta":{"footnotes":""},"class_list":["post-118","page","type-page","status-publish","hentry"],"_links":{"self":[{"href":"https:\/\/plumesdelles.org\/index.php?rest_route=\/wp\/v2\/pages\/118","targetHints":{"allow":["GET"]}}],"collection":[{"href":"https:\/\/plumesdelles.org\/index.php?rest_route=\/wp\/v2\/pages"}],"about":[{"href":"https:\/\/plumesdelles.org\/index.php?rest_route=\/wp\/v2\/types\/page"}],"author":[{"embeddable":true,"href":"https:\/\/plumesdelles.org\/index.php?rest_route=\/wp\/v2\/users\/1"}],"replies":[{"embeddable":true,"href":"https:\/\/plumesdelles.org\/index.php?rest_route=%2Fwp%2Fv2%2Fcomments&post=118"}],"version-history":[{"count":17,"href":"https:\/\/plumesdelles.org\/index.php?rest_route=\/wp\/v2\/pages\/118\/revisions"}],"predecessor-version":[{"id":362,"href":"https:\/\/plumesdelles.org\/index.php?rest_route=\/wp\/v2\/pages\/118\/revisions\/362"}],"wp:attachment":[{"href":"https:\/\/plumesdelles.org\/index.php?rest_route=%2Fwp%2Fv2%2Fmedia&parent=118"}],"curies":[{"name":"wp","href":"https:\/\/api.w.org\/{rel}","templated":true}]}}